{"id":296,"date":"2023-03-09T12:31:16","date_gmt":"2023-03-09T12:31:16","guid":{"rendered":"https:\/\/goodnewsfromromania.ro\/?page_id=296"},"modified":"2023-03-09T14:29:31","modified_gmt":"2023-03-09T14:29:31","slug":"despre-noi","status":"publish","type":"page","link":"https:\/\/goodnewsfromromania.ro\/index.php\/despre-noi\/","title":{"rendered":"Despre noi"},"content":{"rendered":"\n<p>Good News From Romania este o platform\u0103 multimedia independent\u0103 care are ca scop promovarea&nbsp;\u0219tirilor pozitive despre Rom\u00e2nia, at\u00e2t interne c\u00e2t \u0219i externe.&nbsp;<\/p>\n\n\n\n<p>Prin demersul nostru jurnalistic ne dorim s\u0103 aducem \u00een ochii cititorului pove\u0219ti, experien\u021be si idei din diverse domenii de interes precum educa\u021bie, mediu sau cultur\u0103. De asemenea, rubrica \u201dInterviu\u201d o vom dedica rom\u00e2nilor care ne impresioneaz\u0103 cu lucrurile pe care le fac. &nbsp;<\/p>\n\n\n\n<p>Totodat\u0103, e bine s\u0103 \u0219ti\u021bi c\u0103 s\u0103pt\u0103m\u00e2nal trimitem\u00a0un newsletter cu ve\u0219tile bune care au avut cel mai mare ecou \u00een comunitatea noastr\u0103. V\u0103 pute\u021bi abona <a href=\"https:\/\/goodnewsfromromania.ro\/index.php\/abonare-newsletter\/\" data-type=\"URL\" data-id=\"https:\/\/goodnewsfromromania.ro\/index.php\/abonare-newsletter\/\">aici<\/a>.<\/p>\n\n\n\n<p>Dac\u0103 ave\u021bi vesti bune, pe care dori\u021bi s\u0103 le afle \u0219i al\u021bii, ne pute\u021bi contacta la adresa de e-mail&nbsp;<a href=\"mailto:redactia.goodnewsfromromania@gmail.com\" rel=\"noreferrer noopener\" target=\"_blank\">redactia.goodnewsfromromania@gmail.com<\/a>.&nbsp;<\/p>\n\n\n\n<p>Let\u2019s spread the GOOD NEWS FROM ROMANIA!<\/p>\n","protected":false},"excerpt":{"rendered":"<p>Good News From Romania este o platform\u0103 multimedia independent\u0103 care are ca scop promovarea&nbsp;\u0219tirilor pozitive despre Rom\u00e2nia, at\u00e2t interne c\u00e2t \u0219i externe.&nbsp; Prin demersul nostru jurnalistic ne dorim s\u0103 aducem \u00een ochii cititorului pove\u0219ti, experien\u021be si idei din diverse domenii de interes precum educa\u021bie, mediu sau cultur\u0103. De asemenea, rubrica \u201dInterviu\u201d o vom dedica rom\u00e2nilor [&hellip;]<\/p>\n","protected":false},"author":1,"featured_media":0,"parent":0,"menu_order":0,"comment_status":"closed","ping_status":"closed","template":"","meta":{"footnotes":""},"class_list":["post-296","page","type-page","status-publish","hentry"],"post_mailing_queue_ids":[],"_links":{"self":[{"href":"https:\/\/goodnewsfromromania.ro\/index.php\/wp-json\/wp\/v2\/pages\/296","targetHints":{"allow":["GET"]}}],"collection":[{"href":"https:\/\/goodnewsfromromania.ro\/index.php\/wp-json\/wp\/v2\/pages"}],"about":[{"href":"https:\/\/goodnewsfromromania.ro\/index.php\/wp-json\/wp\/v2\/types\/page"}],"author":[{"embeddable":true,"href":"https:\/\/goodnewsfromromania.ro\/index.php\/wp-json\/wp\/v2\/users\/1"}],"replies":[{"embeddable":true,"href":"https:\/\/goodnewsfromromania.ro\/index.php\/wp-json\/wp\/v2\/comments?post=296"}],"version-history":[{"count":2,"href":"https:\/\/goodnewsfromromania.ro\/index.php\/wp-json\/wp\/v2\/pages\/296\/revisions"}],"predecessor-version":[{"id":369,"href":"https:\/\/goodnewsfromromania.ro\/index.php\/wp-json\/wp\/v2\/pages\/296\/revisions\/369"}],"wp:attachment":[{"href":"https:\/\/goodnewsfromromania.ro\/index.php\/wp-json\/wp\/v2\/media?parent=296"}],"curies":[{"name":"wp","href":"https:\/\/api.w.org\/{rel}","templated":true}]}}